hat are the prime factors of u?
5, 23
Suppose -4*p + p = 2*z - 160, -3*p - 3*z + 165 = 0. Suppose 3*n + 2*n = p. List the prime factors of n.
2, 5
Let w = -12 - -17. Suppose 4*x + f = 195, -w*x + 4*x + 2*f + 60 = 0. What are the prime factors of x?
2, 5
Let o(n) = 3*n**2 + 3*n - 6. What are the prime factors of o(7)?
2, 3
Let r(k) = k**3 + 14*k**2 + 19*k + 28. What are the prime factors of r(-12)?
2, 11
Suppose 4*l + 70 = 2*r, -179 = -4*r - 3*l - 28. List the prime factors of r.
37
Let i = 2 + 3. Suppose 4*t + 21 - 57 = -d, 0 = 4*t - i*d - 60. List the prime factors of (-2)/10 - (-112)/t.
11
Let x = 2 - 2. Suppose 0 = 2*q - x*q. Suppose q = 3*s + 5*v - 19, 3*v + 3 = 4*s - 3. List the prime factors of s.
3
Let h(j) = j**2 - 9*j + 10. Suppose 4*u - 4*p = 32, u + 5*p + 7 = -3. Suppose -u*s + 55 = 15. List the prime factors of h(s).
2
Let s(h) = 12*h**2 - 10*h - 16. What are the prime factors of s(-2)?
2, 13
Let r(p) = p**2 - 2*p + 1. Let q be r(2). Suppose -5*z - h + 20 = 0, 2 - q = 2*z - h. Let x = 1 + z. List the prime factors of x.
2
Suppose -3*k + 385 = 5*j, 5*k - 5*j - 575 = -0*j. List the prime factors of k.
2, 3, 5
Let m = -7 + 12. Suppose -34 - 5 = -2*n + m*t, -4*n + 5*t + 63 = 0. What are the prime factors of n?
2, 3
Let m(r) = 2*r**2 - 4*r - 14. What are the prime factors of m(9)?
2, 7
Let s = 18 + 14. List the prime factors of s.
2
Let p be (-1 - 0) + -1 - 11. Let k be 2/(65/(-21) + 3). Let r = p - k. List the prime factors of r.
2
Suppose -4*a = 3*s - 131 - 100, 2*s + 3*a - 153 = 0. List the prime factors of s.
3
Let d = -38 - 12. Suppose 10*a = 9*a + 20. List the prime factors of (16/a)/((-4)/d).
2, 5
Suppose 4*r = -5*y + 14, 4*r - 3*r - 1 = 0. What are the prime factors of y?
2
Let o(l) = l**3 + 13*l**2 - 4*l - 15. What are the prime factors of o(-13)?
37
List the prime factors of 6/8*120/5.
2, 3
Suppose 0*o - 3*n = -2*o + 9, -3*o - n + 19 = 0. Suppose -o*v = -v - 30. List the prime factors of v.
2, 3
Suppose -50 = -5*d - 0*d. Suppose a = -a + d. What are the prime factors of a?
5
Suppose 0*m + 3*j + 156 = 3*m, -4*j = 0. Suppose 0 = -5*g - 5*a + 190, -4*g - m = -5*a - 177. Suppose 3*q + 2*q = g. What are the prime factors of q?
7
Let z(f) = -f + 2. List the prime factors of z(-2).
2
Let s be (-24)/(-6)*(1 - -19). Suppose 4*r - s = -0*r. List the prime factors of r.
2, 5
Let o be (6/12)/((-1)/(-8)). Suppose 0 = y - o. What are the prime factors of y?
2
Let t(w) = -w**3 + 3*w**2 - 4*w + 4. Let m be t(4). Let q = -11 - m. List the prime factors of q.
17
Let a(b) be the second derivative of -31*b**5/20 + b**4/6 + b**3/6 - 8*b. What are the prime factors of a(-1)?
2
Let j = 8 + -6. What are the prime factors of (-3)/6*-19*j?
19
Let o = -13 - -25. List the prime factors of o.
2, 3
Suppose 0 = 3*j - 2*a - 37 - 43, j - 3*a = 36. Let y be ((-20)/12)/((-1)/j). Suppose -4*l + 4 = -y. What are the prime factors of l?
11
Suppose 3*h + 75 = 15. Let v = -54 - -25. Let l = h - v. List the prime factors of l.
3
Suppose 4*x + 0 - 4 = 0. Suppose f - 2 = x. Suppose j - 4 = -0*j + f*m, 4*j - 30 = -2*m. List the prime factors of j.
7
Let t(h) = 9*h**2 - 2*h + 3. What are the prime factors of t(2)?
5, 7
Let u be ((-14)/(-8))/((-1)/(-28)). Suppose 0*v + v = u. List the prime factors of v.
7
Let y(o) = -4 + 5 + o + 0. Let d be y(-3). Let z = d + 16. List the prime factors of z.
2, 7
Let a = -7 + 17. Suppose -3*n - a = -49. List the prime factors of n.
13
List the prime factors of 622/13 + (-6)/(-39).
2, 3
Let p(k) = -k**2 - 8*k - 3. Let g be p(-7). What are the prime factors of g/4 + (-1 - -4)?
2
Let g(r) = -r**2 - 16*r - 21. What are the prime factors of g(-9)?
2, 3, 7
Suppose 4*d = -5*q + 199 + 92, 0 = q - 5*d - 64. What are the prime factors of q?
59
Let g(f) = f**2 - 5*f - 3. Let c be g(5). Let r be 6 + (-4 + 0 - c). Let h = r + -2. List the prime factors of h.
3
List the prime factors of (-38)/57 + (-1 - (-356)/3).
3, 13
Suppose 5*t - 2*j - 3*j = 0, -28 = 2*t + 5*j. Let p(q) = -q + 2 + 0*q - 1. List the prime factors of p(t).
5
Let j be (4/6)/((-1)/3). Suppose -2*n + 50 = 3*n. List the prime factors of j + (n - 2) + -1.
5
Let c(v) = 4*v**2 + 3*v - 1. Let i(q) = -q**2 + 1. Let d(h) = -c(h) - 5*i(h). Let j be 0 - (-1 - -2 - -2). What are the prime factors of d(j)?
2, 7
Suppose 5*b - 1493 = -5*i + 192, -b + 329 = -3*i. What are the prime factors of b?
5, 67
Let a be 27/5 - 4/10. Suppose -7*p + 6 = -4*p. Suppose -p*i + 60 = 5*d - 70, i = a. What are the prime factors of d?
2, 3
Suppose 94 = l + p, 5*l - p + 1 = 465. What are the prime factors of l?
3, 31
Suppose -5*o = -3*c - 7, 2*o - 2 = -2*c + 4*o. Suppose -1 = -a + 2. Suppose -b - 4*b + 12 = -4*u, c = 3*b - a*u. List the prime factors of b.
2
Let j be 1/3 - (-136)/24. Let m be (-1 + -9)*j/(-15). Suppose z - m = -3*s + 15, 4*s = -4*z + 36. What are the prime factors of s?
5
List the prime factors of -48*(0 + -3 + 2).
2, 3
Suppose -k = -2*k + 91. List the prime factors of k.
7, 13
What are the prime factors of 0/1 + -4 - -74?
2, 5, 7
Suppose -4*o + 64 = 20. Let j = o - 0. What are the prime factors of j?
11
List the prime factors of (-2 + 9)/((-1)/(-5)).
5, 7
Let t(m) = -m**2 - 4*m + 5. List the prime factors of t(-3).
2
Let w(f) = 2*f**2 - 2*f - 1. What are the prime factors of w(3)?
11
Let i = -77 - -145. List the prime factors of i.
2, 17
Let f be ((-6)/4)/(6/(-8)). Let r(p) = -4*p. Let x be r(-1). Let a = x - f. What are the prime factors of a?
2
Suppose 4*g = 5*b - 0*b + 99, 0 = -3*g + 3*b + 72. What are the prime factors of g?
3, 7
Suppose i - 3 = -0*i. Suppose -i*q + 5*q - 18 = 0. What are the prime factors of q?
3
Let j = 96 + -68. What are the prime factors of j?
2, 7
Suppose 9*m - 4 = 7*m. Suppose -m*j + 35 = 3*j. What are the prime factors of j?
7
Let p(m) = -3*m**2 - 4*m + 2. Let x(d) = 2*d**2 + 3*d - 1. Let s(n) = -5*p(n) - 7*x(n). Let o be s(5). Let w = o - 6. What are the prime factors of w?
11
Let b(v) = v**2 - 5*v - 6. Let j be b(6). Suppose j = 3*c - 0*c - 12. Let o = c + 8. What are the prime factors of o?
2, 3
Suppose a + 5*t + 14 = 2*a, 0 = -3*t - 3. List the prime factors of a.
3
Let x(w) = -w**3 - 8*w**2 + 2*w. Let k(j) = j**3 + 9*j**2 - 2*j. Suppose -2*u = u + 12. Let t(c) = u*k(c) - 5*x(c). What are the prime factors of t(-4)?
2
Suppose 30 = 4*d + 2*l, l + 21 = 3*d + 3*l. Let u = 3 + d. List the prime factors of u.
2, 3
Let v(t) = t**2 + 8*t + 16. List the prime factors of v(-17).
13
Suppose -3*d - 3*o = 75, o = -4*o + 15. Let r be (-130)/(-14) + 8/d. Let l = -5 + r. List the prime factors of l.
2
List the prime factors of (-2 - (-164)/2) + 3*-1.
7, 11
Suppose -354 = -a - 5*a. List the prime factors of a.
59
What are the prime factors of 4 + -3 + 1 + 45?
47
Suppose -w + 4*w - 9 = 0. Suppose 3*a = -9 + w, 4*a = -5*c - 18. Let v = 4 + c. List the prime factors of v.
2
Suppose -22 + 2 = -4*z, -97 = -t + 2*z. List the prime factors of t.
107
Suppose 7*g - 156 = -51. List the prime factors of g.
3, 5
Suppose g = -y + 139, -5*g + 16 + 9 = 0. What are the prime factors of y?
2, 67
Let v = 44 + -14. List the prime factors of v.
2, 3, 5
Let g = 5 - -5. Let t(j) = -2 + j**2 + j + g + 1. What are the prime factors of t(0)?
3
Suppose -55 = 5*w + 5*o, -3*o - 2*o - 19 = 2*w. List the prime factors of 4/1*(-9)/w.
3
Suppose -4*u - 12 = -2*d, -24 - 3 = -2*d + u. Let z(o) = 7*o**2 - 1. Let m be z(-2). Let p = m - d. List the prime factors of p.
11
Let l(z) = -z + 4. Let i be l(2). Suppose -t + i + 1 = 0. Suppose -2*v = -a - 11, t*v - v - 2*a - 16 = 0. List the prime factors of v.
3
Suppose -123 = -3*q - 0*q. Let p = 11 + -7. Suppose -5*x - q = -l, -4*x = 20 - p. What are the prime factors of l?
3, 7
Let v(o) = 2*o**2 - 3*o + 3. Let y(r) = 2*r**2 - 3*r + 4. Let p(t) = 7*v(t) - 6*y(t). What are the prime factors of p(-2)?
11
What are the prime factors of -1 + 24/4*8?
47
Suppose -4*v - b + 12 = 0, 4 = -4*v - 5*b - 0. Suppose v*o - 2*r - 118 = 0, 3*r - 43 = -2*o + 20. What are the prime factors of ((-4)/(-10))/(1/o)?
2, 3
Suppose 5*s - 4*r + 25 = 0, -3*r = 4*s - 0*r + 20. List the prime factors of (8/s)/(14/(-105)).
2, 3
Suppose q + 4*j - 2 = 3*j, 4*j - 10 = -5*q. Let p(c) = 0 + q*c + 2 - 8. What are the prime factors of p(6)?
2, 3
Suppose -2*f - 15 = 5*t + 3*f, f - 1 = 3*t. Let y be (-3 + 0)/t + 